t of 926?
6
What is the hundreds digit of 3637?
6
What is the units digit of 1939?
9
What is the tens digit of 1594?
9
What is the units digit of 2086?
6
What is the hundreds digit of 82121?
1
What is the thousands digit of 5457?
5
What is the hundreds digit of 215?
2
What is the hundreds digit of 6152?
1
What is the hundreds digit of 2702?
7
What is the hundreds digit of 42803?
8
What is the tens digit of 2483?
8
What is the units digit of 46208?
8
What is the units digit of 36617?
7
What is the hundreds digit of 2313?
3
What is the hundreds digit of 1369?
3
What is the hundreds digit of 216?
2
What is the hundreds digit of 522?
5
What is the units digit of 6596?
6
What is the tens digit of 6459?
5
What is the units digit of 521?
1
What is the thousands digit of 32175?
2
What is the tens digit of 43249?
4
What is the tens digit of 713?
1
What is the tens digit of 15370?
7
What is the hundreds digit of 599?
5
What is the tens digit of 47953?
5
What is the tens digit of 2172?
7
What is the thousands digit of 85337?
5
What is the units digit of 33787?
7
What is the units digit of 62979?
9
What is the units digit of 1469?
9
What is the hundreds digit of 1436?
4
What is the tens digit of 8489?
8
What is the units digit of 1475?
5
What is the tens digit of 53391?
9
What is the tens digit of 20676?
7
What is the hundreds digit of 3206?
2
What is the units digit of 65556?
6
What is the thousands digit of 1020?
1
What is the ten thousands digit of 24753?
2
What is the thousands digit of 1125?
1
What is the thousands digit of 1710?
1
What is the hundreds digit of 794?
7
What is the units digit of 2825?
5
What is the units digit of 1454?
4
What is the tens digit of 8726?
2
What is the thousands digit of 4540?
4
What is the units digit of 3483?
3
What is the thousands digit of 6790?
6
What is the thousands digit of 104050?
4
What is the units digit of 1717?
7
What is the tens digit of 153528?
2
What is the thousands digit of 4473?
4
What is the thousands digit of 21144?
1
What is the tens digit of 48632?
3
What is the tens digit of 33998?
9
What is the hundreds digit of 27704?
7
What is the units digit of 11056?
6
What is the units digit of 10737?
7
What is the thousands digit of 71515?
1
What is the hundreds digit of 29214?
2
What is the hundreds digit of 3841?
8
What is the thousands digit of 6579?
6
What is the units digit of 54?
4
What is the hundreds digit of 481?
4
What is the tens digit of 4216?
1
What is the units digit of 12707?
7
What is the units digit of 1772?
2
What is the thousands digit of 5182?
5
What is the thousands digit of 17747?
7
What is the tens digit of 60613?
1
What is the units digit of 3303?
3
What is the units digit of 1155?
5
What is the tens digit of 3165?
6
What is the thousands digit of 4182?
4
What is the tens digit of 3824?
2
What is the hundreds digit of 11099?
0
What is the tens digit of 1061?
6
What is the ten thousands digit of 33330?
3
What is the tens digit of 631?
3
What is the tens digit of 1324?
2
What is the units digit of 1093?
3
What is the hundreds digit of 4341?
3
What is the thousands digit of 3471?
3
What is the hundreds digit of 2206?
2
What is the ten thousands digit of 14284?
1
What is the ten thousands digit of 55153?
5
What is the units digit of 3262?
2
What is the tens digit of 3947?
4
What is the hundreds digit of 328?
3
What is the hundreds digit of 5660?
6
What is the thousands digit of 176922?
6
What is the units digit of 2860?
0
What is the hundreds digit of 40094?
0
What is the thousands digit of 9383?
9
What is the hundreds digit of 73969?
9
What is the hundreds digit of 33189?
1
What is the ten thousands digit of 51753?
5
What is the units digit of 4060?
0
What is the tens digit of 21036?
3
What is the hundreds digit of 32540?
5
What is the thousands digit of 21741?
1
What is the ten thousands digit of 44336?
4
What is the units digit of 1460?
0
What is the ten thousands digit of 87380?
8
What is the thousands digit of 6633?
6
What is the tens digit of 2174?
7
What is the hundreds digit of 75236?
2
What is the ten thousands digit of 19085?
1
What is the tens digit of 322?
2
What is the units digit of 1865?
5
What is the units digit of 9?
9
What is the hundred thousands digit of 116524?
1
What is the hundreds digit of 120?
1
What is the tens digit of 8320?
2
What is the hundreds digit of 40293?
2
What is the tens digit of 7027?
2
What is the hundreds digit of 10562?
5
What is the thousands digit of 4753?
4
What is the units digit of 1326?
6
What is the hundreds digit of 32361?
3
What is the thousands digit of 8843?
8
What is the thousands digit of 8113?
8
What is the units digit of 3862?
2
What is the hundreds digit of 5120?
1
What is the thousands digit of 2735?
2
What is the units digit of 2515?
5
What is the hundreds digit of 13972?
9
What is the thousands digit of 1527?
1
What is the thousands digit of 1640?
1
What is the hundreds digit of 2045?
0
What is the tens digit of 4238?
3
What is the thousands digit of 3959?
3
What is the hundreds digit of 24788?
7
What is the hundreds digit of 67594?
5
What is the units digit of 8850?
0
What is the hundreds digit of 29016?
0
What is the hundreds digit of 110807?
8
What is the thousands digit of 7904?
7
What is the tens digit of 47250?
5
What is the units digit of 21206?
6
What is the tens digit of 31042?
4
What is the units digit of 1673?
3
What is the hundreds digit of 145?
1
What is the units digit of 353?
3
What is the ten thousands digit of 10970?
1
What is the tens digit of 3387?
8
What is the units digit of 36833?
3
What is the hundreds digit of 323?
3
What is the tens digit of 3091?
9
What is the ten thousands digit of 55167?
5
What is the hundreds digit of 25936?
9
What is the hundred thousands digit of 100144?
1
What is the hundreds digit of 195914?
9
What is the hundred thousands digit of 117530?
1
What is the hundreds digit of 642?
6
What is the tens digit of 32851?
5
What is the units digit of 5513?
3
What is the tens digit of 33067?
6
What is the hundreds digit of 2406?
4
What is the hundreds digit of 704?
7
What is the tens digit of 2255?
5
What is the ten thousands digit of 80651?
8
What is the units digit of 837?
7
What is the hundreds digit of 1356?
3
What is the thousands digit of 23254?
3
What is the thousands digit of 1959?
1
What is the ten thousands digit of 15196?
1
What is the hundreds digit of 5754?
7
What is the hundreds digit of 196?
1
What is the ten thousands digit of 25208?
2
What is the hundreds digit of 432?
4
What is the thousands digit of 128950?
8
What is the units digit of 4702?
2
What is the units digit of 556?
6
What is the hundreds digit of 14276?
2
What is the units digit of 476?
6
What is the units digit of 535?
5
What is the ten thousands digit of 41945?
4
What is the thousands digit of 1855?
1
What is the tens digit of 4032?
3
What is the hundreds digit of 3308?
3
What is the hundreds digit of 9114?
1
What is the tens digit of 386?
8
What is the hundreds digit of 5599?
5
What is the hundreds digit of 5603?
6
What is the hundreds digit of 1260?
2
What is the units digit of 541?
1
What is the tens digit of 88920?
2
What is the units digit of 1951?
1
What is the units digit of 1354?
4
What is the tens digit of 1193?
9
What is the thousands digit of 1100?
1
What is the thousands digit of 12011?
2
What is the thousands digit of 7846?
7
What is the tens digit of 3793?
9
What is the tens digit of 29125?
2
What is the tens digit of 2914?
1
What is the thousands digit of 3816?
3
What is the ten thousands digit of 50274?
5
What is the tens digit of 2899?
9
What is the thousands digit of 33778?
3
What is the units digit of 4049?
9
What is the units digit of 1112?
2
What is the hundreds digit of 4758?
7
What is the tens digit of 68499?
9
What is the hundreds digit of 7490?
4
What is the tens digit of 1159?
5
What is the units digit of 6131?
1
What is the hundreds digit of 4686?
6
What is the hundreds digit of 1044?
0
What is the hundreds digit of 25026?
0
What is the thousands digit of 6455?
6
What is the hundreds digit of 2291?
2
What is the thousands digit of 5808?
5
What is the thousands digit of 3042?
3
What is the thousands digit of 47473?
7
What is the units digit of 3611?
1
What is the units digit of 40